c - 7. Let b(w) = -w - 2. Let k(u) = -81*u + 9 - 2 + 85*u. Let g(i) = 7*b(i) + 2*k(i). Let q be g(6). Give t(q).
5
Let k(z) = 24*z + 3. Suppose -21*y + 11 = -31. Suppose -y*j + 22 = -5*a - 5*j, -a + j = -2. Give k(a).
-45
Let f(b) = -2*b + 3. Suppose 71*y + 234 = 97*y. Calculate f(y).
-15
Let s = 10066 + -10062. Let x(i) = -34*i + 130. Calculate x(s).
-6
Let k = 9964 + -10012. Let f(q) = -q**3 - 46*q**2 + 96*q - 18. Give f(k).
-18
Suppose -s = -0*s + 5*d + 6, 3*s - 22 = 5*d. Let w(k) = -k**2 + 12*k. What is w(s)?
32
Let f be 56/2*17 + 2. Let s = f + -476. Let y(a) = a**3 - 2*a**2 - 3*a + 3. Calculate y(s).
-3
Let u(w) be the second derivative of -w**5/20 + w**4/4 - 3*w**2/2 - 29*w + 44. What is u(2)?
1
Let l = -214 - -234. Suppose -l - 34 = 9*i. Let a(f) = -f**2 - 2*f - 2. Calculate a(i).
-26
Let b(v) = -26*v**3 + 5*v**2 + 9*v + 9. Let m(z) = 61*z**3 - 9*z**2 - 20*z - 19. Let y(s) = -7*b(s) - 3*m(s). What is y(-8)?
18
Let q(i) be the third derivative of -i**6/20 - i**5/60 + 3150*i**2. Suppose 9 = c + 3*n + 1, 5*n - 13 = -2*c. Calculate q(c).
5
Let g(a) be the third derivative of 2*a**2 + 0*a + 0 - 1/120*a**5 + 7/6*a**3 - 11/24*a**4. Let w(z) be the first derivative of g(z). What is w(0)?
-11
Let m(g) be the first derivative of 1/2*g**2 - 45 + 4*g. Give m(-7).
-3
Let l(q) be the third derivative of -q**5/60 - q**4/4 + 19*q**3/2 + 19*q**2 + 2*q. Let f(b) be the first derivative of l(b). What is f(-7)?
8
Let y be (0 + 4)*180/80. Let r(o) = y*o + 1 - o**2 + 4*o - 2*o - 1 + 5. Give r(11).
5
Let i(y) be the first derivative of y**7/840 - y**6/45 + y**5/12 - y**4/12 - 37*y**3 - 23. Let w(b) be the third derivative of i(b). Determine w(7).
19
Let n(b) = -b**2 - 9*b + 25. Suppose -606 = 7*z + 1802. Let i = z - -333. Determine n(i).
3
Suppose 36 = 4*i - 7*k + 11*k, 0 = 4*i + 3*k - 41. Let p(l) = -l**2 + 16*l - 23. What is p(i)?
5
Suppose -5*m + m = 1820. Let s = m - -462. Let w(c) = 3*c - 12. Give w(s).
9
Let g(h) = 3*h - 21. Let m be g(11). Let t be 18/m*(-76)/(-6). Let k(q) = 13 - t + 0*q + 3*q. Give k(4).
6
Let y(o) = o**3 - 11*o**2 - 17*o - 29. Let q be y(12). Let u = -92 - q. Let c(a) = 7*a + 15. Determine c(u).
-6
Let f(t) = -12*t + 26. Let o be f(2). Let k(q) = -2 - 3559*q + q**o + 3559*q. Calculate k(3).
7
Let c(n) = -n + 4 + 4*n - 2*n. Suppose 3*v = 0, -94*r + 99*r = 4*v - 25. Determine c(r).
-1
Let m(j) = 5*j - 3. Let s be (-5)/(-25) + (-322)/35. Let q be (8/6)/((-2)/s). What is m(q)?
27
Let v(j) = -29*j**3 - 6*j**2 + 5. Let u = -20 - -21. Let k(q) = -2*q**3 - q**2 + 1. Let b(i) = u*v(i) - 6*k(i). Give b(1).
-18
Let r(d) = 2*d**3 + 3*d**2 + 3*d + 4. Let p be r(-2). Let g(x) be the third derivative of x**5/60 + 5*x**4/12 - x**3/3 - 136*x**2. Determine g(p).
-26
Let i(g) be the first derivative of g**2/2 - g + 5. Let k(s) = s**2 + 7*s - 6. Let u be (-2)/(16/10 - 2). Let j(l) = u*i(l) - k(l). Give j(-4).
-7
Let x(m) = -m**2 + 6*m - 1. Let r(u) = -3*u**2 + 16*u - 48. Let i(j) = -7*j**2 + 32*j - 97. Let c(g) = 2*i(g) - 5*r(g). Let q be c(3). Calculate x(q).
-8
Let y(i) = 2*i**3 + 12*i**2 + i + 11. Let u be y(-6). Let b(c) = 5*c + 7*c**2 - 8 - u*c**2 - 4*c**2 + c**2. Give b(4).
-4
Let l = 1116 - 1114. Let f be (-8)/(-28) + 52/14. Suppose 2*p - 1 = -3*a, -23 = l*p - a - f*a. Let k(m) = m**2 + 4*m - 5. Give k(p).
-5
Let m be 9/(-2)*(64/24)/(20 - 16). Let c(a) = -4*a**3 - 4*a**2 - a + 4. Give c(m).
79
Let u(w) = -w**2 + 5*w + 6. Let r be (0 - (-561)/12)/(26/(-416)). Let g = r + 755. What is u(g)?
-8
Let q(i) = 2*i**2 + 3*i - 3. Let g be q(-3). Let r(u) be the second derivative of 3*u + 2*u**2 + 1/2*u**3 - 1/20*u**5 + 5/12*u**4 - 14. Determine r(g).
-14
Let x(j) = j. Let u(g) = -2*g - 2. Let p(t) = u(t) + 3*x(t). Let a = -16 + 19. Suppose 0 = -w - 0*y - 3*y - 18, 0 = -a*y - 15. What is p(w)?
-5
Let s(c) = c**2 - 12*c - 17. Let i(u) = -1. Let t(k) = 6*i(k) + s(k). Let j be t(13). Let m = j - -13. Let g(z) = 2*z**2 - 2*z - 4. Calculate g(m).
8
Let w(t) = -2*t**3 - 2*t**2 - 4*t - 2. Let g = 267 + -323. Let l be g/26 + (304/(-52) - -6). Calculate w(l).
14
Let p(c) = -c**3 - 7. Let m(q) = q**3 + 6*q**2 + 7*q + 9. Let g be m(-5). Let k(u) = -u**3 - 3*u**2 - u + 1. Let a be k(g). Determine p(a).
-7
Let m(p) = -30*p**2 + 16 - 1705*p + 1688*p + 25*p**2 + 27*p**2 + 3*p**3. What is m(-8)?
24
Let i(d) = -d. Let l = -31 + 43. Suppose 5*c - 11 = n, -13 = n - 12. Suppose 14*h - l*h = -c. Determine i(h).
1
Let t(c) = -c**2 - 25*c. Let s(n) = 2*n**2 + 67*n. Let b(a) = 3*s(a) + 8*t(a). Calculate b(-3).
-21
Let w be -11 - ((-10)/4 - (-3)/(-2)). Let f be (-25)/w - 12/21. Let p(t) = 3*t + 3. Give p(f).
12
Let d(v) = v. Suppose -5*c - 17 + 196 = 2*g, 3*c - 3*g = 120. Suppose 15*p + 7 = c. Give d(p).
2
Suppose -14*t - 86 = 18*t + 74. Let u(y) = y**2 - 6*y - 6. Let c(a) = 3*a**2 - 12*a - 13. Let q(m) = 2*c(m) - 5*u(m). What is q(t)?
-1
Let g(y) be the second derivative of -1/12*y**4 + 56*y + 5/6*y**3 - y**2 + 0. Give g(6).
-8
Let i(u) = 753*u - 1490*u + 109 + 688*u. Give i(3).
-38
Let b(w) = -3*w + 2 + 4*w**2 + 7*w**2 - 13*w**2 + 3*w**2. Let n be 6*((-132)/24 + 5). Calculate b(n).
20
Let v = 40265 - 40265. Let t(h) = h**3 - h**2 + 2*h + 3. Let w(m) = 2*m**3 - m**2 + 3*m + 3. Let x(g) = 3*t(g) - 2*w(g). Give x(v).
3
Let c(o) = 5*o + 10. Let i(f) = 12*f - 3 + 17*f + 15*f - 45*f. Let k(t) = c(t) + 3*i(t). Calculate k(-2).
-3
Let s(b) = 13*b - 32. Let o(g) = 4*g - 10. Let f(z) = 16*o(z) - 5*s(z). Determine f(26).
-26
Let b(l) = 2*l**2 - 9*l + 3. Let m be b(2). Let t(k) = 19*k + 144. Let d be t(m). Let r(x) = -x + 2. Determine r(d).
-9
Let v(h) be the third derivative of -5*h**4/12 + h**3/3 - 16*h**2 - 183. Calculate v(8).
-78
Suppose 24 = 4*b - x, -70*b = -73*b - 2*x + 29. Let y(p) = -3*p**2 + 24*p - 10. Calculate y(b).
11
Suppose -2*c - 242 = n, 3*n + 416 = -4*c - 318. Let s = n - -252. Let z(r) = -7*r + 11. What is z(s)?
-3
Let s(o) = o**3 - 18. Suppose -2*n - 2*n + 704 = 0. Let a = n - 176. What is s(a)?
-18
Suppose 0 = -6*j + 3190 + 1424. Suppose 0 = j*b - 767*b + 2. Let r(y) = 15*y**2 + y + 1. Calculate r(b).
15
Let g(c) = -c**2 + 5*c + 3. Let a(v) = 70*v + 146. Let b = -328 + 326. Let h be a(b). Give g(h).
-3
Let l(y) = -48*y - 125. Let q(h) = -h + 28. Let b(a) = l(a) + 4*q(a). Give b(1).
-65
Let v(c) = 6*c + 40. Let s(w) = 6*w + 36. Let h(q) = -6*s(q) + 5*v(q). Give h(-5).
14
Let y(j) = -j**2 - 3*j. Suppose 0 = -71*w + 73*w + 32. Let x(d) = -d**2 - 7*d - 5. Let c be x(-6). Let o be (-5)/c + (w - -17). Determine y(o).
-4
Let r = -781 + 779. Let a be (-210)/63 - r/6. Let w(n) = -n**3 - 2*n**2 + 6*n + 1. Give w(a).
-8
Let y(p) = -p - 46. Let o(d) = -91 + 5*d + d - 7*d. Let t(b) = 3*o(b) - 5*y(b). Let g be t(18). Let j(c) = -c. Give j(g).
7
Let z(g) = -123*g + 1. Let d be (896/96 - 9) + 4/6. Give z(d).
-122
Let n(v) = 3*v**2 - v + 1. Let o(h) = 2*h**2 + 15*h. Let a(y) = -3*y**2 - 24*y. Let x(l) = -5*a(l) - 8*o(l). Let g(t) = -n(t) - 5*x(t). Give g(-2).
5
Let x(c) = -3 - 31*c - 54*c - 4*c - 1 + 6*c**2 - 17. Calculate x(15).
-6
Suppose 4*h - 60 = -2*n + 5*n, 5*h - 3*n = 78. Suppose -7*k = -h*k + 165. Let c(d) = -3*d + 39. Give c(k).
-6
Let v = -1998 + 1994. Let t(j) = 15*j - 2. Let a(f) = 14*f - 1. Let r(m) = -7*a(m) + 6*t(m). Give r(v).
27
Let y(o) = -5*o + 3. Suppose -8*w = 6*w + 980. Let z = -68 - w. What is y(z)?
-7
Suppose 4*l + 0*l - 37 = 5*o, -5*o = l + 22. Let x(r) be the first derivative of -r**2/2 + r + 59. Determine x(o).
6
Let m(n) = 4*n**2 - 2*n. Let w(h) = 4 - 5*h + 13*h - 7*h - 2*h**2 + 4. Let i be w(-2). What is m(i)?
20
Let f(i) = 55*i - 26*i - 31*i + 0 + 2. Suppose 3*j - 3*b + 66 = 0, -3*j - b - 60 = 2*b. Let u = -24 - j. What is f(u)?
8
Let j be 2198/(-471)*(-9)/(-6). Let l(o) = 2*o**2 + 7*o - 1. What is l(j)?
48
Let x(t) = -408*t + 182. Let f(l) = 256*l - 121. Let z(k) = -8*f(k) - 5*x(k). Give z(8).
-6
Let u(z) = 4 + 1 - 2 + 0 + 15*z**2 - 14*z - 2 - z**3. Suppose 13*f = 9*f + 56. Determine u(f).
1
Let a = -9988 + 9998. Let m(w) = -2*w**3 + 20*w**2 + w + 10. Give m(a).
20
Suppose -134*j + 504 = -50*j. Let c(v) = -6*v + 26. Calculate c(j).
-10
Let v(m) be the first derivative of -2/3*m**3 - 1/2*m**2 + 307 + 3*m. Calculate v(3).
-18
Let n(p) be the first derivative of -p**3/3 - 8*p**2 - 25*p - 728. Determine n(-11).
30
Let z be 1/(-4) - -1*3983/28. Let c = 1